[INFO] cloning repository https://github.com/phansch/prs
[INFO] running `Command { std: "git" "-c" "credential.helper=" "-c" "credential.helper=/workspace/cargo-home/bin/git-credential-null" "clone" "--bare" "https://github.com/phansch/prs" "/workspace/cache/git-repos/https%3A%2F%2Fgithub.com%2Fphansch%2Fprs", kill_on_drop: false }`
[INFO] [stderr] Cloning into bare repository '/workspace/cache/git-repos/https%3A%2F%2Fgithub.com%2Fphansch%2Fprs'...
[INFO] running `Command { std: "git" "rev-parse" "HEAD", kill_on_drop: false }`
[INFO] [stdout] 19f4c42d95b0d9a3377643d41f90668b640313b0
[INFO] checking phansch/prs against try#72f88fc4e9458f89516a0b8b0868f3718aec5b47 for pr-74989
[INFO] running `Command { std: "git" "clone" "/workspace/cache/git-repos/https%3A%2F%2Fgithub.com%2Fphansch%2Fprs" "/workspace/builds/worker-9/source", kill_on_drop: false }`
[INFO] [stderr] Cloning into '/workspace/builds/worker-9/source'...
[INFO] [stderr] done.
[INFO] validating manifest of git repo https://github.com/phansch/prs on toolchain 72f88fc4e9458f89516a0b8b0868f3718aec5b47
[INFO] running `Command { std: "/workspace/cargo-home/bin/cargo" "+72f88fc4e9458f89516a0b8b0868f3718aec5b47" "read-manifest" "--manifest-path" "Cargo.toml", kill_on_drop: false }`
[INFO] started tweaking git repo https://github.com/phansch/prs
[INFO] finished tweaking git repo https://github.com/phansch/prs
[INFO] tweaked toml for git repo https://github.com/phansch/prs written to /workspace/builds/worker-9/source/Cargo.toml
[INFO] crate git repo https://github.com/phansch/prs already has a lockfile, it will not be regenerated
[INFO] running `Command { std: "/workspace/cargo-home/bin/cargo" "+72f88fc4e9458f89516a0b8b0868f3718aec5b47" "fetch" "--locked" "--manifest-path" "Cargo.toml", kill_on_drop: false }`
[INFO] [stderr]  Downloading crates ...
[INFO] [stderr]   Downloaded hyperx v0.13.2
[INFO] running `Command { std: "docker" "create" "-v" "/var/lib/crater-agent-workspace/builds/worker-9/target:/opt/rustwide/target:rw,Z" "-v" "/var/lib/crater-agent-workspace/builds/worker-9/source:/opt/rustwide/workdir:ro,Z" "-v" "/var/lib/crater-agent-workspace/cargo-home:/opt/rustwide/cargo-home:ro,Z" "-v" "/var/lib/crater-agent-workspace/rustup-home:/opt/rustwide/rustup-home:ro,Z" "-e" "SOURCE_DIR=/opt/rustwide/workdir" "-e" "CARGO_TARGET_DIR=/opt/rustwide/target" "-e" "CARGO_HOME=/opt/rustwide/cargo-home" "-e" "RUSTUP_HOME=/opt/rustwide/rustup-home" "-w" "/opt/rustwide/workdir" "-m" "1610612736" "--user" "0:0" "--network" "none" "rustops/crates-build-env@sha256:d92eaeed33fa75130ca1ee6c8a01d1ffb62bac859dfdfb3450e3e5d1c0146529" "/opt/rustwide/cargo-home/bin/cargo" "+72f88fc4e9458f89516a0b8b0868f3718aec5b47" "metadata" "--no-deps" "--format-version=1", kill_on_drop: false }`
[INFO] [stdout] 8032ac84bcb5c2de94d08157769117d68af1524c645979b1d4586cfe96a22337
[INFO] [stderr] WARNING: Your kernel does not support swap limit capabilities or the cgroup is not mounted. Memory limited without swap.
[INFO] running `Command { std: "docker" "start" "-a" "8032ac84bcb5c2de94d08157769117d68af1524c645979b1d4586cfe96a22337", kill_on_drop: false }`
[INFO] running `Command { std: "docker" "inspect" "8032ac84bcb5c2de94d08157769117d68af1524c645979b1d4586cfe96a22337", kill_on_drop: false }`
[INFO] running `Command { std: "docker" "rm" "-f" "8032ac84bcb5c2de94d08157769117d68af1524c645979b1d4586cfe96a22337", kill_on_drop: false }`
[INFO] [stdout] 8032ac84bcb5c2de94d08157769117d68af1524c645979b1d4586cfe96a22337
[INFO] running `Command { std: "docker" "create" "-v" "/var/lib/crater-agent-workspace/builds/worker-9/target:/opt/rustwide/target:rw,Z" "-v" "/var/lib/crater-agent-workspace/builds/worker-9/source:/opt/rustwide/workdir:ro,Z" "-v" "/var/lib/crater-agent-workspace/cargo-home:/opt/rustwide/cargo-home:ro,Z" "-v" "/var/lib/crater-agent-workspace/rustup-home:/opt/rustwide/rustup-home:ro,Z" "-e" "SOURCE_DIR=/opt/rustwide/workdir" "-e" "CARGO_TARGET_DIR=/opt/rustwide/target" "-e" "CARGO_INCREMENTAL=0" "-e" "RUST_BACKTRACE=full" "-e" "RUSTFLAGS=--cap-lints=forbid" "-e" "CARGO_HOME=/opt/rustwide/cargo-home" "-e" "RUSTUP_HOME=/opt/rustwide/rustup-home" "-w" "/opt/rustwide/workdir" "-m" "1610612736" "--user" "0:0" "--network" "none" "rustops/crates-build-env@sha256:d92eaeed33fa75130ca1ee6c8a01d1ffb62bac859dfdfb3450e3e5d1c0146529" "/opt/rustwide/cargo-home/bin/cargo" "+72f88fc4e9458f89516a0b8b0868f3718aec5b47" "check" "--frozen" "--all" "--all-targets" "--message-format=json", kill_on_drop: false }`
[INFO] [stderr] WARNING: Your kernel does not support swap limit capabilities or the cgroup is not mounted. Memory limited without swap.
[INFO] [stdout] 9381cdef5840eeaf007546e659d1c11026fef3a26f20a83b875c2847dc3c8295
[INFO] running `Command { std: "docker" "start" "-a" "9381cdef5840eeaf007546e659d1c11026fef3a26f20a83b875c2847dc3c8295", kill_on_drop: false }`
[INFO] [stderr]    Compiling libc v0.2.71
[INFO] [stderr]     Checking futures v0.1.29
[INFO] [stderr]    Compiling log v0.4.8
[INFO] [stderr]     Checking slab v0.4.2
[INFO] [stderr]    Compiling pkg-config v0.3.17
[INFO] [stderr]    Compiling version_check v0.9.2
[INFO] [stderr]     Checking itoa v0.4.5
[INFO] [stderr]    Compiling unicode-xid v0.2.0
[INFO] [stderr]    Compiling syn v1.0.29
[INFO] [stderr]    Compiling httparse v1.3.4
[INFO] [stderr]     Checking foreign-types-shared v0.1.1
[INFO] [stderr]    Compiling serde v1.0.111
[INFO] [stderr]     Checking try-lock v0.2.2
[INFO] [stderr]     Checking matches v0.1.8
[INFO] [stderr]    Compiling native-tls v0.2.4
[INFO] [stderr]     Checking percent-encoding v1.0.1
[INFO] [stderr]     Checking openssl-probe v0.1.2
[INFO] [stderr]     Checking language-tags v0.2.2
[INFO] [stderr]     Checking mime v0.3.16
[INFO] [stderr]    Compiling crossbeam-utils v0.7.2
[INFO] [stderr]    Compiling memoffset v0.5.4
[INFO] [stderr]    Compiling crossbeam-epoch v0.8.2
[INFO] [stderr]    Compiling indexmap v1.3.2
[INFO] [stderr]     Checking unicode-bidi v0.3.4
[INFO] [stderr]     Checking foreign-types v0.3.2
[INFO] [stderr]     Checking addr2line v0.12.1
[INFO] [stderr]    Compiling proc-macro2 v1.0.17
[INFO] [stderr]     Checking base64 v0.10.1
[INFO] [stderr]    Compiling parking_lot_core v0.6.2
[INFO] [stderr]    Compiling parking_lot v0.9.0
[INFO] [stderr]    Compiling hyper v0.12.35
[INFO] [stderr]     Checking idna v0.1.5
[INFO] [stderr]    Compiling unicase v2.6.0
[INFO] [stderr]    Compiling error-chain v0.12.2
[INFO] [stderr]    Compiling openssl-sys v0.9.57
[INFO] [stderr]    Compiling quote v1.0.6
[INFO] [stderr]     Checking crossbeam-queue v0.2.2
[INFO] [stderr]     Checking url v1.7.2
[INFO] [stderr]     Checking crossbeam-deque v0.7.3
[INFO] [stderr]     Checking iovec v0.1.4
[INFO] [stderr]     Checking num_cpus v1.13.0
[INFO] [stderr]     Checking net2 v0.2.34
[INFO] [stderr]     Checking time v0.1.43
[INFO] [stderr]     Checking backtrace v0.3.48
[INFO] [stderr]     Checking bytes v0.4.12
[INFO] [stderr]     Checking tokio-executor v0.1.10
[INFO] [stderr]     Checking tokio-sync v0.1.8
[INFO] [stderr]     Checking want v0.2.0
[INFO] [stderr]     Checking futures-cpupool v0.1.8
[INFO] [stderr]     Checking mio v0.6.22
[INFO] [stderr]     Checking tokio-threadpool v0.1.18
[INFO] [stderr]     Checking tokio-current-thread v0.1.7
[INFO] [stderr]     Checking tokio-timer v0.2.13
[INFO] [stderr]    Compiling openssl v0.10.29
[INFO] [stderr]     Checking tokio-io v0.1.13
[INFO] [stderr]     Checking http v0.1.21
[INFO] [stderr]     Checking tokio-buf v0.1.1
[INFO] [stderr]     Checking string v0.2.1
[INFO] [stderr]     Checking mio-uds v0.6.8
[INFO] [stderr]     Checking tokio-reactor v0.1.12
[INFO] [stderr]     Checking tokio-codec v0.1.2
[INFO] [stderr]     Checking tokio-fs v0.1.7
[INFO] [stderr]     Checking tokio-udp v0.1.6
[INFO] [stderr]     Checking tokio-uds v0.2.6
[INFO] [stderr]     Checking tokio-tcp v0.1.4
[INFO] [stderr]     Checking tokio v0.1.22
[INFO] [stderr]     Checking http-body v0.1.0
[INFO] [stderr]     Checking h2 v0.1.26
[INFO] [stderr]     Checking hyperx v0.13.2
[INFO] [stderr]    Compiling serde_derive v1.0.111
[INFO] [stderr]     Checking hyper-tls v0.3.2
[INFO] [stderr]     Checking serde_json v1.0.53
[INFO] [stderr]     Checking hubcaps v0.5.0
[INFO] [stderr]     Checking prs v0.1.0 (/opt/rustwide/workdir)
[INFO] [stdout] error[E0432]: unresolved import `tests_util`
[INFO] [stdout]    --> src/lib.rs:102:9
[INFO] [stdout]     |
[INFO] [stdout] 102 |     use tests_util::*;
[INFO] [stdout]     |         ^^^^^^^^^^ use of undeclared type or module `tests_util`
[INFO] [stdout] 
[INFO] [stdout] 
[INFO] [stdout] error[E0425]: cannot find function `build_issues_item` in this scope
[INFO] [stdout]    --> src/lib.rs:106:25
[INFO] [stdout]     |
[INFO] [stdout] 106 |         let closed_pr = build_issues_item(String::from("https://github.com/softprops/hubcaps/pull/245"), String::from("closed"), true);
[INFO] [stdout]     |                         ^^^^^^^^^^^^^^^^^ not found in this scope
[INFO] [stdout] 
[INFO] [stdout] 
[INFO] [stdout] error[E0425]: cannot find function `build_issues_item` in this scope
[INFO] [stdout]    --> src/lib.rs:109:22
[INFO] [stdout]     |
[INFO] [stdout] 109 |         let own_pr = build_issues_item(String::from("https://github.com/lola/lolas-project/pull/245"), String::from("closed"), true);
[INFO] [stdout]     |                      ^^^^^^^^^^^^^^^^^ not found in this scope
[INFO] [stdout] 
[INFO] [stdout] 
[INFO] [stdout] error[E0425]: cannot find function `build_issues_item` in this scope
[INFO] [stdout]    --> src/lib.rs:112:23
[INFO] [stdout]     |
[INFO] [stdout] 112 |         let open_pr = build_issues_item(String::from("https://github.com/softprops/hubcaps/pull/245"), String::from("open"), true);
[INFO] [stdout]     |                       ^^^^^^^^^^^^^^^^^ not found in this scope
[INFO] [stdout] 
[INFO] [stdout] 
[INFO] [stdout] error[E0425]: cannot find function `build_issues_item` in this scope
[INFO] [stdout]    --> src/lib.rs:115:21
[INFO] [stdout]     |
[INFO] [stdout] 115 |         let issue = build_issues_item(String::from("https://github.com/softprops/hubcaps/pull/245"), String::from("closed"), false);
[INFO] [stdout]     |                     ^^^^^^^^^^^^^^^^^ not found in this scope
[INFO] [stdout] 
[INFO] [stdout] 
[INFO] [stdout] error: aborting due to 5 previous errors
[INFO] [stdout] 
[INFO] [stdout] 
[INFO] [stdout] Some errors have detailed explanations: E0425, E0432.
[INFO] [stdout] 
[INFO] [stdout] For more information about an error, try `rustc --explain E0425`.
[INFO] [stdout] 
[INFO] [stderr] error: could not compile `prs`.
[INFO] [stderr] 
[INFO] [stderr] To learn more, run the command again with --verbose.
[INFO] [stderr] warning: build failed, waiting for other jobs to finish...
[INFO] [stdout] error[E0432]: unresolved import `prs::tests_util`
[INFO] [stdout]   --> src/pulls.rs:58:14
[INFO] [stdout]    |
[INFO] [stdout] 58 |     use prs::tests_util::*;
[INFO] [stdout]    |              ^^^^^^^^^^ could not find `tests_util` in `prs`
[INFO] [stdout] 
[INFO] [stdout] 
[INFO] [stdout] error[E0425]: cannot find function `build_issues_item` in this scope
[INFO] [stdout]   --> src/pulls.rs:63:19
[INFO] [stdout]    |
[INFO] [stdout] 63 |         let res = build_issues_item(String::new(), String::from("foo"), true);
[INFO] [stdout]    |                   ^^^^^^^^^^^^^^^^^ not found in this scope
[INFO] [stdout] 
[INFO] [stdout] 
[INFO] [stdout] error[E0425]: cannot find function `build_issues_item` in this scope
[INFO] [stdout]   --> src/pulls.rs:70:19
[INFO] [stdout]    |
[INFO] [stdout] 70 |         let res = build_issues_item(String::new(), String::from("open"), true);
[INFO] [stdout]    |                   ^^^^^^^^^^^^^^^^^ not found in this scope
[INFO] [stdout] 
[INFO] [stdout] 
[INFO] [stdout] error[E0425]: cannot find function `build_issues_item` in this scope
[INFO] [stdout]   --> src/pulls.rs:76:19
[INFO] [stdout]    |
[INFO] [stdout] 76 |         let res = build_issues_item(
[INFO] [stdout]    |                   ^^^^^^^^^^^^^^^^^ not found in this scope
[INFO] [stdout] 
[INFO] [stdout] 
[INFO] [stdout] error: aborting due to 4 previous errors
[INFO] [stdout] 
[INFO] [stdout] 
[INFO] [stdout] Some errors have detailed explanations: E0425, E0432.
[INFO] [stdout] 
[INFO] [stdout] For more information about an error, try `rustc --explain E0425`.
[INFO] [stdout] 
[INFO] [stderr] error: build failed
[INFO] running `Command { std: "docker" "inspect" "9381cdef5840eeaf007546e659d1c11026fef3a26f20a83b875c2847dc3c8295", kill_on_drop: false }`
[INFO] running `Command { std: "docker" "rm" "-f" "9381cdef5840eeaf007546e659d1c11026fef3a26f20a83b875c2847dc3c8295", kill_on_drop: false }`
[INFO] [stdout] 9381cdef5840eeaf007546e659d1c11026fef3a26f20a83b875c2847dc3c8295
